es 3773 divide 2055824694?
True
Is 530 a factor of 639858930?
True
Is 145 a factor of 915980225?
True
Is 20690670 a multiple of 1166?
True
Is 58 a factor of 62989682?
True
Is 355751760 a multiple of 56?
True
Does 219 divide 1006744752?
True
Is 64928086 a multiple of 89?
False
Is 20 a factor of 3368732560?
True
Does 40 divide 422180793?
False
Is 254238005 a multiple of 2495?
True
Is 916296888 a multiple of 76?
True
Is 7062001 a multiple of 16?
False
Is 1744 a factor of 15605312?
True
Is 69 a factor of 839592?
True
Does 573 divide 54489342?
False
Is 21095094 a multiple of 6?
True
Is 50 a factor of 64875003?
False
Does 30 divide 172025789?
False
Is 1529604 a multiple of 12?
True
Is 471579045 a multiple of 409?
True
Is 795929799 a multiple of 66?
False
Does 7 divide 72790881?
False
Is 15029685 a multiple of 3?
True
Is 180304995 a multiple of 22?
False
Is 1358060256 a multiple of 406?
True
Does 34 divide 1310800504?
True
Is 294841202 a multiple of 83?
False
Is 6065169698 a multiple of 4583?
True
Is 39896918 a multiple of 487?
False
Is 290 a factor of 6969879?
False
Is 328846650 a multiple of 902?
True
Is 8086496 even?
True
Is 2287 a factor of 10520200?
True
Is 413190381 a multiple of 398?
False
Is 33 a factor of 8072955?
True
Is 801684936 a multiple of 52?
True
Is 224101270 a multiple of 841?
True
Does 9 divide 2697478227?
True
Does 521 divide 190223903?
False
Does 259 divide 4872000?
False
Is 1209 a factor of 23144747?
False
Is 164890333 a multiple of 181?
False
Is 5314759 a multiple of 13?
False
Is 105308775 a multiple of 65?
True
Does 52 divide 1116960150?
False
Is 21790790 a multiple of 14?
True
Is 660 a factor of 115653361?
False
Is 629 a factor of 1715912?
True
Does 1080 divide 9733809?
False
Is 745842880 a multiple of 64?
True
Does 13 divide 31274984?
True
Is 3415 a factor of 171364700?
True
Does 1181 divide 115146319?
True
Does 581 divide 4529042574?
True
Is 55869975 a multiple of 15?
True
Is 21 a factor of 50895264?
True
Is 465 a factor of 217392454?
False
Does 72 divide 57664944?
True
Does 807 divide 3373944394?
False
Is 1254177120 a multiple of 2208?
True
Does 249 divide 1602982071?
True
Is 91 a factor of 3504309133?
False
Is 456 a factor of 78713808?
True
Is 6 a factor of 1632397182?
True
Is 23404302 a multiple of 27?
True
Does 241 divide 190090363?
False
Is 264 a factor of 189800487?
False
Is 38 a factor of 59963168?
False
Is 4340842438 a multiple of 5858?
True
Does 19 divide 5128497?
False
Is 37705931 a multiple of 36?
False
Is 134805759 a multiple of 229?
False
Does 4 divide 34340152?
True
Is 397998955 a multiple of 1343?
False
Is 5 a factor of 506352220?
True
Is 54 a factor of 5426656?
False
Does 782 divide 11190618?
False
Is 5 a factor of 16864356?
False
Is 587 a factor of 124393518?
True
Does 102 divide 12645094?
False
Is 74448814 a multiple of 2?
True
Is 20065135 a multiple of 1111?
False
Is 126444226 a multiple of 23?
False
Is 11887007 a multiple of 26?
False
Does 1234 divide 96643722?
False
Is 109 a factor of 122838698?
False
Does 725 divide 837731113?
False
Does 3194 divide 328975612?
True
Does 2513 divide 505912134?
True
Does 7923 divide 1811134365?
False
Does 14 divide 126592729?
False
Does 20 divide 781593120?
True
Is 7196 a factor of 394582358?
False
Is 93971446 a multiple of 1465?
False
Is 1191583028 a multiple of 9?
False
Is 6 a factor of 5274666?
True
Does 14 divide 103385090?
False
Does 1649 divide 4024794382?
False
Does 469 divide 2925372502?
False
Does 29 divide 48304343?
True
Is 19 a factor of 10586154?
True
Is 189 a factor of 167870367?
True
Is 8 a factor of 900585070?
False
Is 751752707 a multiple of 16?
False
Is 604 a factor of 17282856?
True
Does 288 divide 1728094099?
False
Is 589910641 a multiple of 3642?
False
Is 60 a factor of 1007463976?
False
Is 163066357 a multiple of 1884?
False
Is 224329532 a multiple of 5201?
True
Is 662794240 a multiple of 32?
True
Does 795 divide 92352322?
False
Is 125 a factor of 141455430?
False
Is 8174292 a multiple of 69?
True
Is 5 a factor of 1961751?
False
Is 15721031 a multiple of 21?
False
Is 2442 a factor of 211222917?
False
Is 258316325 a multiple of 1184?
False
Is 16 a factor of 21461328?
True
Does 760 divide 1737423840?
True
Is 576426446 a multiple of 34?
True
Is 43127924 a multiple of 4?
True
Does 14 divide 453084774?
False
Is 61246350 a multiple of 55?
True
Does 150 divide 5515050?
True
Is 205 a factor of 109087295?
False
Is 118327846 a multiple of 13?
True
Is 48 a factor of 1206016357?
False
Is 935 a factor of 870357840?
True
Is 3026318652 a multiple of 14?
True
Is 184 a factor of 2175888361?
False
Is 36 a factor of 22697208?
True
Is 15927418 a multiple of 500?
False
Is 31 a factor of 97215225?
True
Is 6 a factor of 243114038?
False
Does 153 divide 262721655?
True
Is 3486448980 a multiple of 12798?
False
Is 427 a factor of 2605554?
True
Is 2719966 a multiple of 838?
False
Is 2641 a factor of 30593344?
True
Does 65 divide 1482454805?
True
Is 1139610317 a multiple of 8074?
False
Is 13 a factor of 58422754?
True
Is 152041425 a multiple of 66?
False
Is 25 a factor of 1451354400?
True
Is 1626410659 a multiple of 94?
False
Does 15 divide 1432260745?
False
Is 2 a factor of 5858021?
False
Does 3401 divide 561878589?
False
Is 246 a factor of 736392390?
True
Does 536 divide 363771871?
False
Does 182 divide 1913979293?
False
Does 104 divide 7554664?
True
Is 127328676 a multiple of 1524?
True
Is 108 a factor of 259687080?
True
Is 15438070 a multiple of 3528?
False
Does 41 divide 39026465?
True
Is 2290351460 a multiple of 12?
False
Is 18107609 a multiple of 533?
True
Is 16438482 a multiple of 1494?
True
Is 35 a factor of 25453400?
True
Is 305 a factor of 154013715?
True
Is 263397600 a multiple of 450?
True
Is 156398937 a multiple of 589?
True
Is 695266200 a multiple of 225?
True
Is 2002 a factor of 24154903?
False
Is 937 a factor of 40936093?
False
Is 294038796 a multiple of 112?
False
Does 17 divide 2898381?
True
Does 159 divide 47452596?
True
Does 1028 divide 134763991?
False
Does 327 divide 10600428?
False
Does 337 divide 9436477?
False
Does 4 divide 982962?
False
Does 1149 divide 10219664?
False
Does 205 divide 424283997?
False
Does 84 divide 43992503?
False
Is 1064116505 a multiple of 64?
False
Is 13 a factor of 639169245?
True
Is 16764642 a multiple of 491?
False
Is 53 a factor of 1210944?
True
Is 296 a factor of 608065546?
False
Is 22 a factor of 16312059?
False
Is 1869251523 a multiple of 47?
True
Is 1257806329 a multiple of 473?
False
Is 97775040 a multiple of 24?
True
Does 87 divide 29037880?
False
Is 3552494 a multiple of 191?
False
Is 240 a factor of 1077554822?
False
Does 2245 divide 85240405?
True
Does 219 divide 293082006?
True
Is 30 a factor of 6287359?
False
Is 12163961 a multiple of 13?
False
Does 3 divide 63547934?
False
Does 13 divide 3609903076?
True
Does 740 divide 73824588?
False
Is 118939933 a multiple of 1769?
False
Does 664 divide 80737088?
True
Does 14 divide 29733581?
False
Is 164890133 a multiple of 110?
False
Is 1451 a factor of 199975369?
True
Does 71 divide 2317968?
False
Is 2251 a factor of 29681686?
True
Is 1837 a factor of 149406884?
True
Is 314 a factor of 269031508?
False
Is 66628210 a multiple of 307?
True
Is 142 a factor of 1776988?
True
Is 19617304 a multiple of 56?
True
Is 19449704 a multiple of 6?
False
Does 899 divide 82349830?
False
Does 24 divide 2574730272?
True
Is 77561344 a multiple of 28?
True
Is 368 a factor of 9299360?
True
Is 23104581 a multiple of 86?
False
Does 59 divide 110359099?
False
Is 1473 a factor of 34281129?
True
Does 975 divide 213799950?
True
Is 3280 a factor of 284143077?
False
Is 90108070 a multiple of 955?
True
Does 1254 divide 12946363?
False
Is 233 a factor of 213332560?
False
Does 2 divide 461017875?
False
Is 568515836 a multiple of 5?
False
Is 3 a factor of 104489547?
True
Is 65939000 a multiple of 566?
True
Does 2922 divide 100233366?
True
Does 5 divide 92883760?
True
Does 27 divide 147610446?
False
Is 2431008 a multiple of 46?
True
Is 349514039 a multiple of 137?
False
Is 128 a factor of 729280494?
False
Does 341 divide 120803342?
True
Does 19 divide 151055795?
True
Is 120029287 a multiple of 59?
False
Does 372 divide 86114410?
False
Is 19 a factor of 727098436?
False
Is 1180489370 a multiple of 179?
Fal